{"id":1002,"date":"2020-03-06T17:09:27","date_gmt":"2020-03-06T14:09:27","guid":{"rendered":"http:\/\/hilalelektronikk.com\/?post_type=product&#038;p=1002"},"modified":"2024-03-18T14:27:27","modified_gmt":"2024-03-18T11:27:27","slug":"etxmm563mdk-mpx563md-1c-npx563md-1b-beko-arcelik-beko-42","status":"publish","type":"product","link":"https:\/\/hilalelektronikk.com\/?product=etxmm563mdk-mpx563md-1c-npx563md-1b-beko-arcelik-beko-42","title":{"rendered":"ETXMM563MDK, MPX563MD-1C, NPX563MD-1B, BEKO AR\u00c7EL\u0130K BEKO 42&#8242;"},"content":{"rendered":"<p>ETXMM563MDK, MPX563MD-1C, NPX563MD-1B, BEKO AR\u00c7EL\u0130K BEKO 42&#8242;<\/p>\n","protected":false},"excerpt":{"rendered":"<p>ETXMM563MDK, MPX563MD-1C, NPX563MD-1B, BEKO AR\u00c7EL\u0130K BEKO 42&#8242;<\/p>\n","protected":false},"featured_media":1003,"template":"","meta":[],"product_brand":[],"product_cat":[296],"product_tag":[912,913,914],"class_list":{"0":"post-1002","1":"product","2":"type-product","3":"status-publish","4":"has-post-thumbnail","6":"product_cat-aecelik-beko-power-board","7":"product_tag-etxmm563mdk","8":"product_tag-mpx563md-1c","9":"product_tag-npx563md-1b","11":"first","12":"outofstock","13":"shipping-taxable","14":"purchasable","15":"product-type-simple"},"_links":{"self":[{"href":"https:\/\/hilalelektronikk.com\/index.php?rest_route=\/wp\/v2\/product\/1002","targetHints":{"allow":["GET"]}}],"collection":[{"href":"https:\/\/hilalelektronikk.com\/index.php?rest_route=\/wp\/v2\/product"}],"about":[{"href":"https:\/\/hilalelektronikk.com\/index.php?rest_route=\/wp\/v2\/types\/product"}],"wp:featuredmedia":[{"embeddable":true,"href":"https:\/\/hilalelektronikk.com\/index.php?rest_route=\/wp\/v2\/media\/1003"}],"wp:attachment":[{"href":"https:\/\/hilalelektronikk.com\/index.php?rest_route=%2Fwp%2Fv2%2Fmedia&parent=1002"}],"wp:term":[{"taxonomy":"product_brand","embeddable":true,"href":"https:\/\/hilalelektronikk.com\/index.php?rest_route=%2Fwp%2Fv2%2Fproduct_brand&post=1002"},{"taxonomy":"product_cat","embeddable":true,"href":"https:\/\/hilalelektronikk.com\/index.php?rest_route=%2Fwp%2Fv2%2Fproduct_cat&post=1002"},{"taxonomy":"product_tag","embeddable":true,"href":"https:\/\/hilalelektronikk.com\/index.php?rest_route=%2Fwp%2Fv2%2Fproduct_tag&post=1002"}],"curies":[{"name":"wp","href":"https:\/\/api.w.org\/{rel}","templated":true}]}}