{"id":1424,"date":"2021-01-01T22:45:35","date_gmt":"2021-01-01T19:45:35","guid":{"rendered":"http:\/\/hilalelektronikk.com\/?post_type=product&#038;p=1424"},"modified":"2025-07-21T19:48:24","modified_gmt":"2025-07-21T16:48:24","slug":"17ips122332111927802207-hi-level-4848hl550","status":"publish","type":"product","link":"https:\/\/hilalelektronikk.com\/?product=17ips122332111927802207-hi-level-4848hl550","title":{"rendered":"17IPS12,27863018, H\u0130-LEVEL ,17IPS12, VESTEL ,POWER,BOARD,23321125, H\u0130-LEVEL,40HL650,REGAL 40R6000F,"},"content":{"rendered":"<h3>17IPS12,23321119,27802207, H\u0130-LEVEL 48&#8242;,48HL550,17IPS12, 2331119,27943938, VESTEL 48\u201d,POWER BOARD,23321125, 28345499, H\u0130-LEVEL, 40HL650,48FD7300,19sc7600,43&#8221;,REGAL 40R6000F,48FB7300<\/h3>\n","protected":false},"excerpt":{"rendered":"<p>17IPS12,23321119,27802207, H\u0130-LEVEL 48&#8242;,48HL550,17IPS12, 2331119,27943938, VESTEL 48\u201d,POWER BOARD,23321125, 28345499, H\u0130-LEVEL, 40HL650,48FD7300,19sc7600,43&#8221;,REGAL 40R6000F,48FB7300<\/p>\n","protected":false},"featured_media":1425,"template":"","meta":[],"product_brand":[],"product_cat":[250],"product_tag":[8284,8285,1462,6343,2460,391,1331,1289,6342,1400,6069,1670],"class_list":{"0":"post-1424","1":"product","2":"type-product","3":"status-publish","4":"has-post-thumbnail","6":"product_cat-vestel-power-board","7":"product_tag-17ips12-23321125","8":"product_tag-8285","9":"product_tag-40hl650","10":"product_tag-40r6000f","11":"product_tag-43hl509","12":"product_tag-hi-level","13":"product_tag-power-board","14":"product_tag-regal","15":"product_tag-regal-40r6000f","16":"product_tag-seg","17":"product_tag-seg-power","18":"product_tag-vestel-48","20":"first","21":"outofstock","22":"shipping-taxable","23":"purchasable","24":"product-type-simple"},"_links":{"self":[{"href":"https:\/\/hilalelektronikk.com\/index.php?rest_route=\/wp\/v2\/product\/1424","targetHints":{"allow":["GET"]}}],"collection":[{"href":"https:\/\/hilalelektronikk.com\/index.php?rest_route=\/wp\/v2\/product"}],"about":[{"href":"https:\/\/hilalelektronikk.com\/index.php?rest_route=\/wp\/v2\/types\/product"}],"wp:featuredmedia":[{"embeddable":true,"href":"https:\/\/hilalelektronikk.com\/index.php?rest_route=\/wp\/v2\/media\/1425"}],"wp:attachment":[{"href":"https:\/\/hilalelektronikk.com\/index.php?rest_route=%2Fwp%2Fv2%2Fmedia&parent=1424"}],"wp:term":[{"taxonomy":"product_brand","embeddable":true,"href":"https:\/\/hilalelektronikk.com\/index.php?rest_route=%2Fwp%2Fv2%2Fproduct_brand&post=1424"},{"taxonomy":"product_cat","embeddable":true,"href":"https:\/\/hilalelektronikk.com\/index.php?rest_route=%2Fwp%2Fv2%2Fproduct_cat&post=1424"},{"taxonomy":"product_tag","embeddable":true,"href":"https:\/\/hilalelektronikk.com\/index.php?rest_route=%2Fwp%2Fv2%2Fproduct_tag&post=1424"}],"curies":[{"name":"wp","href":"https:\/\/api.w.org\/{rel}","templated":true}]}}