{"id":157,"date":"2019-12-29T16:24:25","date_gmt":"2019-12-29T13:24:25","guid":{"rendered":"http:\/\/hilalelektronikk.com\/?post_type=product&#038;p=157"},"modified":"2023-01-12T11:42:15","modified_gmt":"2023-01-12T08:42:15","slug":"arcelik-42-vut190r-5","status":"publish","type":"product","link":"https:\/\/hilalelektronikk.com\/?product=arcelik-42-vut190r-5","title":{"rendered":"VUT190R-5,TDTC-G426D,1111A1414,A42LCK2BU,AR\u00c7EL\u0130K 42&#8242;"},"content":{"rendered":"<p>A42LCK2BU PANEL, VUT190R-5,TDTC-G426D,1111A1414,A42LCK2BU,AR\u00c7EL\u0130K 42&#8242;<\/p>\n","protected":false},"excerpt":{"rendered":"<p>A42LCK2BU PANEL, VUT190R-5,TDTC-G426D,1111A1414,A42LCK2BU,AR\u00c7EL\u0130K 42&#8242;<\/p>\n","protected":false},"featured_media":158,"template":"","meta":[],"product_brand":[],"product_cat":[123],"product_tag":[2661,2662,2663,2660,109],"class_list":{"0":"post-157","1":"product","2":"type-product","3":"status-publish","4":"has-post-thumbnail","6":"product_cat-arcelik-beko-main-board","7":"product_tag-1111a1414","8":"product_tag-a42lck2bu","9":"product_tag-arcelik-42","10":"product_tag-tdtc-g426d","11":"product_tag-vut190r-5","13":"first","14":"outofstock","15":"shipping-taxable","16":"purchasable","17":"product-type-simple"},"_links":{"self":[{"href":"https:\/\/hilalelektronikk.com\/index.php?rest_route=\/wp\/v2\/product\/157","targetHints":{"allow":["GET"]}}],"collection":[{"href":"https:\/\/hilalelektronikk.com\/index.php?rest_route=\/wp\/v2\/product"}],"about":[{"href":"https:\/\/hilalelektronikk.com\/index.php?rest_route=\/wp\/v2\/types\/product"}],"wp:featuredmedia":[{"embeddable":true,"href":"https:\/\/hilalelektronikk.com\/index.php?rest_route=\/wp\/v2\/media\/158"}],"wp:attachment":[{"href":"https:\/\/hilalelektronikk.com\/index.php?rest_route=%2Fwp%2Fv2%2Fmedia&parent=157"}],"wp:term":[{"taxonomy":"product_brand","embeddable":true,"href":"https:\/\/hilalelektronikk.com\/index.php?rest_route=%2Fwp%2Fv2%2Fproduct_brand&post=157"},{"taxonomy":"product_cat","embeddable":true,"href":"https:\/\/hilalelektronikk.com\/index.php?rest_route=%2Fwp%2Fv2%2Fproduct_cat&post=157"},{"taxonomy":"product_tag","embeddable":true,"href":"https:\/\/hilalelektronikk.com\/index.php?rest_route=%2Fwp%2Fv2%2Fproduct_tag&post=157"}],"curies":[{"name":"wp","href":"https:\/\/api.w.org\/{rel}","templated":true}]}}