{"id":1629,"date":"2021-10-14T12:49:02","date_gmt":"2021-10-14T09:49:02","guid":{"rendered":"http:\/\/hilalelektronikk.com\/?post_type=product&#038;p=1629"},"modified":"2025-11-21T13:42:09","modified_gmt":"2025-11-21T10:42:09","slug":"eax66085703-1-0eax66085703lg49ub830vlc490eqe-xg-f2-lg-main-board","status":"publish","type":"product","link":"https:\/\/hilalelektronikk.com\/?product=eax66085703-1-0eax66085703lg49ub830vlc490eqe-xg-f2-lg-main-board","title":{"rendered":"EAX66085703(1.0),EAX66085703,LG49UB830V,LC490EQE XG F2,EBT62954327,49UB830V,EBL61400503,LG MA\u0130N BOARD,LG49UB850V UYUMLUDUR"},"content":{"rendered":"<h3>EAX66085703 1.0,LG49UB830V,LC490EQE XG F2, EBT62954327,49UB830V,EBL61400503,LG MA\u0130N BOARD, LG49UB850V UYUMLUDUR.<\/h3>\n<h3><span id=\"ctl03_lblProductName\">40UB800V , EBT63458801 , EBT62954327 , EBT63415607 , EBT62954327 , EAX66085703 (1.0) , 49UB830V-ZG , 40UB800 MA\u0130N ,40UB800V MA\u0130N, 42UB820 , 40UB800V S\u0130STEM, 40UB800 S\u0130STEM , EBT63415602<\/span><\/h3>\n","protected":false},"excerpt":{"rendered":"<p>EAX66085703 1.0,LG49UB830V,LC490EQE XG F2, EBT62954327,49UB830V,EBL61400503,LG MA\u0130N BOARD, LG49UB850V UYUMLUDUR. 40UB800V , EBT63458801 , EBT62954327 , EBT63415607 , EBT62954327 , EAX66085703 (1.0) , 49UB830V-ZG , 40UB800 MA\u0130N ,40UB800V MA\u0130N, 42UB820 , 40UB800V S\u0130STEM, 40UB800 S\u0130STEM , EBT63415602<\/p>\n","protected":false},"featured_media":1630,"template":"","meta":[],"product_brand":[],"product_cat":[126],"product_tag":[2505,2509,2501,2506,2508,2507,1836,2504,2512,1832,1834,2903,1837,1835,2510,2503,2502,1155,2908,1833,1846,2905,5726,2907,1829,1731,1827,2442,2441,2906],"class_list":{"0":"post-1629","1":"product","2":"type-product","3":"status-publish","4":"has-post-thumbnail","6":"product_cat-lg-main-board","7":"product_tag-40ub800-main","8":"product_tag-40ub800-sistem","9":"product_tag-40ub800v","10":"product_tag-40ub800v-main","11":"product_tag-40ub800v-sistem","12":"product_tag-42ub820","13":"product_tag-49ub830v","14":"product_tag-49ub830v-zg","15":"product_tag-49ub850","16":"product_tag-eax66085703","17":"product_tag-eax66085703-1-0","18":"product_tag-eax660857031-0","19":"product_tag-ebl61400503","20":"product_tag-ebt62954327","21":"product_tag-ebt63415602","22":"product_tag-ebt63415607","23":"product_tag-ebt63458801","24":"product_tag-innolux","25":"product_tag-lc420eqe-pgm1","26":"product_tag-lc490eqe-xg-f2","27":"product_tag-lc490eqe-xgf2","28":"product_tag-lg-40ub800v","29":"product_tag-lg-40ub800v-za-main-board","30":"product_tag-lg-42ub820v-zh","31":"product_tag-lg-49ub830v","32":"product_tag-lg-display","33":"product_tag-lg49ub830v","34":"product_tag-lg49ub850","35":"product_tag-lg49ub850v","36":"product_tag-v400dk1-ke1-c8","38":"first","39":"outofstock","40":"shipping-taxable","41":"purchasable","42":"product-type-simple"},"_links":{"self":[{"href":"https:\/\/hilalelektronikk.com\/index.php?rest_route=\/wp\/v2\/product\/1629","targetHints":{"allow":["GET"]}}],"collection":[{"href":"https:\/\/hilalelektronikk.com\/index.php?rest_route=\/wp\/v2\/product"}],"about":[{"href":"https:\/\/hilalelektronikk.com\/index.php?rest_route=\/wp\/v2\/types\/product"}],"wp:featuredmedia":[{"embeddable":true,"href":"https:\/\/hilalelektronikk.com\/index.php?rest_route=\/wp\/v2\/media\/1630"}],"wp:attachment":[{"href":"https:\/\/hilalelektronikk.com\/index.php?rest_route=%2Fwp%2Fv2%2Fmedia&parent=1629"}],"wp:term":[{"taxonomy":"product_brand","embeddable":true,"href":"https:\/\/hilalelektronikk.com\/index.php?rest_route=%2Fwp%2Fv2%2Fproduct_brand&post=1629"},{"taxonomy":"product_cat","embeddable":true,"href":"https:\/\/hilalelektronikk.com\/index.php?rest_route=%2Fwp%2Fv2%2Fproduct_cat&post=1629"},{"taxonomy":"product_tag","embeddable":true,"href":"https:\/\/hilalelektronikk.com\/index.php?rest_route=%2Fwp%2Fv2%2Fproduct_tag&post=1629"}],"curies":[{"name":"wp","href":"https:\/\/api.w.org\/{rel}","templated":true}]}}