{"id":2714,"date":"2023-03-04T11:11:52","date_gmt":"2023-03-04T08:11:52","guid":{"rendered":"http:\/\/hilalelektronikk.com\/?post_type=product&#038;p=2714"},"modified":"2023-08-05T12:20:37","modified_gmt":"2023-08-05T09:20:37","slug":"teledunyaohc-3700cpozitekhd-koblolu-tv-uydu-alici","status":"publish","type":"product","link":"https:\/\/hilalelektronikk.com\/?product=teledunyaohc-3700cpozitekhd-koblolu-tv-uydu-alici","title":{"rendered":"TELED\u00dcNYA,OHC 3700C,POZ\u0130TEK,HD KOBLOLU TV UYDU ALICI"},"content":{"rendered":"<h5>TELED\u00dcNYA,OHC 3700C,POZ\u0130TEK,HD KOBLOLU TV UYDU ALICI<\/h5>\n","protected":false},"excerpt":{"rendered":"<p>TELED\u00dcNYA,OHC 3700C,POZ\u0130TEK,HD KOBLOLU TV UYDU ALICI<\/p>\n","protected":false},"featured_media":2715,"template":"","meta":[],"product_brand":[],"product_cat":[15],"product_tag":[5262,4195,5261,4182],"class_list":{"0":"post-2714","1":"product","2":"type-product","3":"status-publish","4":"has-post-thumbnail","6":"product_cat-genel","7":"product_tag-hd-koblolu-tv-uydu-alici","8":"product_tag-ohc-3700c","9":"product_tag-pozitek","10":"product_tag-teledunya","12":"first","13":"outofstock","14":"shipping-taxable","15":"purchasable","16":"product-type-simple"},"_links":{"self":[{"href":"https:\/\/hilalelektronikk.com\/index.php?rest_route=\/wp\/v2\/product\/2714","targetHints":{"allow":["GET"]}}],"collection":[{"href":"https:\/\/hilalelektronikk.com\/index.php?rest_route=\/wp\/v2\/product"}],"about":[{"href":"https:\/\/hilalelektronikk.com\/index.php?rest_route=\/wp\/v2\/types\/product"}],"wp:featuredmedia":[{"embeddable":true,"href":"https:\/\/hilalelektronikk.com\/index.php?rest_route=\/wp\/v2\/media\/2715"}],"wp:attachment":[{"href":"https:\/\/hilalelektronikk.com\/index.php?rest_route=%2Fwp%2Fv2%2Fmedia&parent=2714"}],"wp:term":[{"taxonomy":"product_brand","embeddable":true,"href":"https:\/\/hilalelektronikk.com\/index.php?rest_route=%2Fwp%2Fv2%2Fproduct_brand&post=2714"},{"taxonomy":"product_cat","embeddable":true,"href":"https:\/\/hilalelektronikk.com\/index.php?rest_route=%2Fwp%2Fv2%2Fproduct_cat&post=2714"},{"taxonomy":"product_tag","embeddable":true,"href":"https:\/\/hilalelektronikk.com\/index.php?rest_route=%2Fwp%2Fv2%2Fproduct_tag&post=2714"}],"curies":[{"name":"wp","href":"https:\/\/api.w.org\/{rel}","templated":true}]}}