{"id":2919,"date":"2023-07-24T21:03:58","date_gmt":"2023-07-24T18:03:58","guid":{"rendered":"http:\/\/hilalelektronikk.com\/?post_type=product&#038;p=2919"},"modified":"2024-01-04T14:06:20","modified_gmt":"2024-01-04T11:06:20","slug":"hi-level-hl43dlk13-0216-hi-levelhl43dlk13-0216boe-hv430fhb-f90hv430fhb-g0ahv430fhbf90tcon","status":"publish","type":"product","link":"https:\/\/hilalelektronikk.com\/?product=hi-level-hl43dlk13-0216-hi-levelhl43dlk13-0216boe-hv430fhb-f90hv430fhb-g0ahv430fhbf90tcon","title":{"rendered":"HI-LEVEL HL43DLK13\/0216 ,HI-LEVEL,HL43DLK13\/0216,BOE HV430FHB-F90,HV430FHB-G0A,HV430FHBF90,TCON,SN43DAL010\/0202,17AT010,HV430FHB-G0A XPCB_L"},"content":{"rendered":"<h4>HI-LEVEL HL43DLK13\/0216 ,HI-LEVEL,HL43DLK13\/0216,BOE HV430FHB-F90,HV430FHB-G0A,HV430FHBF90,TCON,<\/h4>\n<h4 class=\"product_title entry-title\">SN43DAL010\/0202,17AT010,HV430FHB-G0A XPCB_L,<\/h4>\n<p>&nbsp;<\/p>\n<p>&nbsp;<\/p>\n<h2>NOT: 1 ADET\u0130 TV \u00dcZER\u0130NDE<\/h2>\n","protected":false},"excerpt":{"rendered":"<p>HI-LEVEL HL43DLK13\/0216 ,HI-LEVEL,HL43DLK13\/0216,BOE HV430FHB-F90,HV430FHB-G0A,HV430FHBF90,TCON, SN43DAL010\/0202,17AT010,HV430FHB-G0A XPCB_L, &nbsp; &nbsp; NOT: 1 ADET\u0130 TV \u00dcZER\u0130NDE<\/p>\n","protected":false},"featured_media":2920,"template":"","meta":[],"product_brand":[],"product_cat":[369],"product_tag":[6028,5539,391,5537,5538,5541,6029,5542,6027,4284],"class_list":{"0":"post-2919","1":"product","2":"type-product","3":"status-publish","4":"has-post-thumbnail","6":"product_cat-tcon-board","7":"product_tag-17at010","8":"product_tag-boe-hv430fhb-f90","9":"product_tag-hi-level","10":"product_tag-hi-level-hl43dlk13-0216","11":"product_tag-hl43dlk13-0216","12":"product_tag-hv430fhb-g0a","13":"product_tag-hv430fhb-g0a-xpcb_l","14":"product_tag-hv430fhbf90","15":"product_tag-sn43dal010-0202","16":"product_tag-tcon","18":"first","19":"instock","20":"shipping-taxable","21":"purchasable","22":"product-type-simple"},"_links":{"self":[{"href":"https:\/\/hilalelektronikk.com\/index.php?rest_route=\/wp\/v2\/product\/2919","targetHints":{"allow":["GET"]}}],"collection":[{"href":"https:\/\/hilalelektronikk.com\/index.php?rest_route=\/wp\/v2\/product"}],"about":[{"href":"https:\/\/hilalelektronikk.com\/index.php?rest_route=\/wp\/v2\/types\/product"}],"wp:featuredmedia":[{"embeddable":true,"href":"https:\/\/hilalelektronikk.com\/index.php?rest_route=\/wp\/v2\/media\/2920"}],"wp:attachment":[{"href":"https:\/\/hilalelektronikk.com\/index.php?rest_route=%2Fwp%2Fv2%2Fmedia&parent=2919"}],"wp:term":[{"taxonomy":"product_brand","embeddable":true,"href":"https:\/\/hilalelektronikk.com\/index.php?rest_route=%2Fwp%2Fv2%2Fproduct_brand&post=2919"},{"taxonomy":"product_cat","embeddable":true,"href":"https:\/\/hilalelektronikk.com\/index.php?rest_route=%2Fwp%2Fv2%2Fproduct_cat&post=2919"},{"taxonomy":"product_tag","embeddable":true,"href":"https:\/\/hilalelektronikk.com\/index.php?rest_route=%2Fwp%2Fv2%2Fproduct_tag&post=2919"}],"curies":[{"name":"wp","href":"https:\/\/api.w.org\/{rel}","templated":true}]}}