{"id":2973,"date":"2023-08-19T19:11:44","date_gmt":"2023-08-19T16:11:44","guid":{"rendered":"http:\/\/hilalelektronikk.com\/?post_type=product&#038;p=2973"},"modified":"2023-08-19T19:11:45","modified_gmt":"2023-08-19T16:11:45","slug":"apdp-182a2zpn910r-603048074182955030704arcelikpowera49l9683-5s","status":"publish","type":"product","link":"https:\/\/hilalelektronikk.com\/?product=apdp-182a2zpn910r-603048074182955030704arcelikpowera49l9683-5s","title":{"rendered":"APDP-182A2,ZPN910R 60304807418,2955030704,AR\u00c7EL\u0130K,POWER,A49L9683 5S"},"content":{"rendered":"<h4>APDP-182A2,ZPN910R 60304807418,2955030704,AR\u00c7EL\u0130K,POWER,A49L9683 5S<\/h4>\n","protected":false},"excerpt":{"rendered":"<p>APDP-182A2,ZPN910R 60304807418,2955030704,AR\u00c7EL\u0130K,POWER,A49L9683 5S<\/p>\n","protected":false},"featured_media":2974,"template":"","meta":[],"product_brand":[],"product_cat":[296],"product_tag":[5583,5575,5581,1450,1840,5582],"class_list":{"0":"post-2973","1":"product","2":"type-product","3":"status-publish","4":"has-post-thumbnail","6":"product_cat-aecelik-beko-power-board","7":"product_tag-5583","8":"product_tag-a49l9683-5s","9":"product_tag-apdp-182a2","10":"product_tag-arcelik","11":"product_tag-power","12":"product_tag-zpn910r-60304807418","14":"first","15":"instock","16":"shipping-taxable","17":"purchasable","18":"product-type-simple"},"_links":{"self":[{"href":"https:\/\/hilalelektronikk.com\/index.php?rest_route=\/wp\/v2\/product\/2973","targetHints":{"allow":["GET"]}}],"collection":[{"href":"https:\/\/hilalelektronikk.com\/index.php?rest_route=\/wp\/v2\/product"}],"about":[{"href":"https:\/\/hilalelektronikk.com\/index.php?rest_route=\/wp\/v2\/types\/product"}],"wp:featuredmedia":[{"embeddable":true,"href":"https:\/\/hilalelektronikk.com\/index.php?rest_route=\/wp\/v2\/media\/2974"}],"wp:attachment":[{"href":"https:\/\/hilalelektronikk.com\/index.php?rest_route=%2Fwp%2Fv2%2Fmedia&parent=2973"}],"wp:term":[{"taxonomy":"product_brand","embeddable":true,"href":"https:\/\/hilalelektronikk.com\/index.php?rest_route=%2Fwp%2Fv2%2Fproduct_brand&post=2973"},{"taxonomy":"product_cat","embeddable":true,"href":"https:\/\/hilalelektronikk.com\/index.php?rest_route=%2Fwp%2Fv2%2Fproduct_cat&post=2973"},{"taxonomy":"product_tag","embeddable":true,"href":"https:\/\/hilalelektronikk.com\/index.php?rest_route=%2Fwp%2Fv2%2Fproduct_tag&post=2973"}],"curies":[{"name":"wp","href":"https:\/\/api.w.org\/{rel}","templated":true}]}}