{"id":3001,"date":"2023-09-17T14:41:33","date_gmt":"2023-09-17T11:41:33","guid":{"rendered":"https:\/\/hilalelektronikk.com\/?post_type=product&#038;p=3001"},"modified":"2023-09-24T19:05:55","modified_gmt":"2023-09-24T16:05:55","slug":"ue55au8000uue55au8000uxtkcy-sa055hglv4hsamsung-ledsamsung-reflektorsamsung-kasa","status":"publish","type":"product","link":"https:\/\/hilalelektronikk.com\/?product=ue55au8000uue55au8000uxtkcy-sa055hglv4hsamsung-ledsamsung-reflektorsamsung-kasa","title":{"rendered":"UE55AU8000U,UE55AU8000UXTK,CY-SA055HGLV4H,SAMSUNG LED,SAMSUNG REFLEKT\u00d6R,SAMSUNG KASA,SAMSUNG UE55AU8000U LED,UE55AU8000UXTK LED,UE55AU8000U LED"},"content":{"rendered":"<h4>UE55AU8000U,UE55AU8000UXTK,CY-SA055HGLV4H,SAMSUNG LED,SAMSUNG REFLEKT\u00d6R,SAMSUNG KASA, TV \u00dcZER\u0130NDE<\/h4>\n","protected":false},"excerpt":{"rendered":"<p>UE55AU8000U,UE55AU8000UXTK,CY-SA055HGLV4H,SAMSUNG LED,SAMSUNG REFLEKT\u00d6R,SAMSUNG KASA, TV \u00dcZER\u0130NDE<\/p>\n","protected":false},"featured_media":0,"template":"","meta":[],"product_brand":[],"product_cat":[15],"product_tag":[4776,5607,2428,5606,5608,4774,5610,4775,5609],"class_list":{"0":"post-3001","1":"product","2":"type-product","3":"status-publish","5":"product_cat-genel","6":"product_tag-cy-sa055hglv4h","7":"product_tag-samsung-kasa","8":"product_tag-samsung-led","9":"product_tag-samsung-reflektor","10":"product_tag-samsung-ue55au8000u-led","11":"product_tag-ue55au8000u","12":"product_tag-ue55au8000u-led","13":"product_tag-ue55au8000uxtk","14":"product_tag-ue55au8000uxtk-led","16":"first","17":"instock","18":"shipping-taxable","19":"purchasable","20":"product-type-simple"},"_links":{"self":[{"href":"https:\/\/hilalelektronikk.com\/index.php?rest_route=\/wp\/v2\/product\/3001","targetHints":{"allow":["GET"]}}],"collection":[{"href":"https:\/\/hilalelektronikk.com\/index.php?rest_route=\/wp\/v2\/product"}],"about":[{"href":"https:\/\/hilalelektronikk.com\/index.php?rest_route=\/wp\/v2\/types\/product"}],"wp:attachment":[{"href":"https:\/\/hilalelektronikk.com\/index.php?rest_route=%2Fwp%2Fv2%2Fmedia&parent=3001"}],"wp:term":[{"taxonomy":"product_brand","embeddable":true,"href":"https:\/\/hilalelektronikk.com\/index.php?rest_route=%2Fwp%2Fv2%2Fproduct_brand&post=3001"},{"taxonomy":"product_cat","embeddable":true,"href":"https:\/\/hilalelektronikk.com\/index.php?rest_route=%2Fwp%2Fv2%2Fproduct_cat&post=3001"},{"taxonomy":"product_tag","embeddable":true,"href":"https:\/\/hilalelektronikk.com\/index.php?rest_route=%2Fwp%2Fv2%2Fproduct_tag&post=3001"}],"curies":[{"name":"wp","href":"https:\/\/api.w.org\/{rel}","templated":true}]}}