{"id":356,"date":"2020-01-04T12:09:41","date_gmt":"2020-01-04T09:09:41","guid":{"rendered":"http:\/\/hilalelektronikk.com\/?post_type=product&#038;p=356"},"modified":"2026-01-10T11:32:20","modified_gmt":"2026-01-10T08:32:20","slug":"samsung-51-plazma-bn41-01632c-bn41-01632-bn94-04884e","status":"publish","type":"product","link":"https:\/\/hilalelektronikk.com\/?product=samsung-51-plazma-bn41-01632c-bn41-01632-bn94-04884e","title":{"rendered":"BN41-01632C, BN41-01632, BN94-04884E,BN41-01632C, BN94-04884D, BN41-01632C, Samsung PS51D490A1W, SAMSUNG PS51D550  PLAZMA TELEV\u0130ZYON ANAKART MA\u0130NBOARD,   HIGH_X5_PDP ,   MODEL: BN41-01632 ,   CODE: BN41-01632C ,  BN94-04884E , HU 10 , X5 PDP 51&#8221; 660 TK 1024.1\/1010\/1003 SDI, BN40-00220A , Main Board, Ana Kart, S50HW-YB07,BN94-04884E ,BN94-04884P , BN94-4884W , BN94-4884D , BN41-01632C , SAMSUNG PS51D550C1W"},"content":{"rendered":"<h4>SAMSUNG 51&#8242; PLAZMA, BN41-01632C, BN41-01632, BN94-04884E,BN41-01632C, BN94-04884D, BN41-01632C, Samsung PS51D490A1W, Main Board, Ana Kart, S50HW-YB07,BN94-04884E ,BN94-04884P , BN94-4884W , BN94-4884D , BN41-01632C , SAMSUNG PS51D550C1W,<\/h4>\n<p><b>SAMSUNG PS51D550\u00a0 PLAZMA TELEV\u0130ZYON ANAKART MA\u0130NBOARD,\u00a0<\/b><\/p>\n<p><b>HIGH_X5_PDP ,\u00a0<\/b><\/p>\n<p><b>MODEL: BN41-01632 ,\u00a0<\/b><\/p>\n<p><b>CODE: BN41-01632C ,\u00a0<\/b><\/p>\n<p><b>Di\u011fer par\u00e7a kodlar\u0131: BN94-04884E , HU 10 , X5 PDP 51&#8221; 660 TK 1024.1\/1010\/1003 SDI, BN40-00220A ,\u00a0<\/b><\/p>\n","protected":false},"excerpt":{"rendered":"<p>SAMSUNG 51&#8242; PLAZMA, BN41-01632C, BN41-01632, BN94-04884E,BN41-01632C, BN94-04884D, BN41-01632C, Samsung PS51D490A1W, Main Board, Ana Kart, S50HW-YB07,BN94-04884E ,BN94-04884P , BN94-4884W , BN94-4884D , BN41-01632C , SAMSUNG PS51D550C1W, SAMSUNG PS51D550\u00a0 PLAZMA TELEV\u0130ZYON ANAKART MA\u0130NBOARD,\u00a0 HIGH_X5_PDP ,\u00a0 MODEL: BN41-01632 ,\u00a0 CODE: BN41-01632C ,\u00a0 Di\u011fer par\u00e7a kodlar\u0131: BN94-04884E , HU 10 , X5 PDP 51&#8221; 660 TK 1024.1\/1010\/1003 SDI, BN40-00220A [&hellip;]<\/p>\n","protected":false},"featured_media":357,"template":"","meta":[],"product_brand":[],"product_cat":[124],"product_tag":[1954,9114,248,247,9122,2372,249,2374,2376,2375,9128,9129,9126,9130,1953,9127,3029,3028,9124,2311,1168,2373,9123,9125,2303,9131],"class_list":{"0":"post-356","1":"product","2":"type-product","3":"status-publish","4":"has-post-thumbnail","6":"product_cat-samsung-main-board","7":"product_tag-ana-kart","8":"product_tag-bn40-00220a","9":"product_tag-bn41-01632","10":"product_tag-bn41-01632c","11":"product_tag-bn94-04884","12":"product_tag-bn94-04884d","13":"product_tag-bn94-04884e","14":"product_tag-bn94-04884p","15":"product_tag-bn94-4884d","16":"product_tag-bn94-4884w","17":"product_tag-code-bn41-01632c","18":"product_tag-diger-parca-kodlari-bn94-04884e","19":"product_tag-high_x5_pdp","20":"product_tag-hu-10","21":"product_tag-main-board","22":"product_tag-model-bn41-01632","23":"product_tag-ps51d550","24":"product_tag-ps51d550c1w","25":"product_tag-ps51d550c1wxtk","26":"product_tag-s50hw-yb07","27":"product_tag-samsung","28":"product_tag-samsung-ps51d490a1w","29":"product_tag-samsung-ps51d550","30":"product_tag-samsung-ps51d550-plazma-televizyon-anakart-mainboard","31":"product_tag-samsung-ps51d550c1w","32":"product_tag-x5-pdp-51-660-tk-1024-1-1010-1003-sdi","34":"first","35":"instock","36":"shipping-taxable","37":"purchasable","38":"product-type-simple"},"_links":{"self":[{"href":"https:\/\/hilalelektronikk.com\/index.php?rest_route=\/wp\/v2\/product\/356","targetHints":{"allow":["GET"]}}],"collection":[{"href":"https:\/\/hilalelektronikk.com\/index.php?rest_route=\/wp\/v2\/product"}],"about":[{"href":"https:\/\/hilalelektronikk.com\/index.php?rest_route=\/wp\/v2\/types\/product"}],"wp:featuredmedia":[{"embeddable":true,"href":"https:\/\/hilalelektronikk.com\/index.php?rest_route=\/wp\/v2\/media\/357"}],"wp:attachment":[{"href":"https:\/\/hilalelektronikk.com\/index.php?rest_route=%2Fwp%2Fv2%2Fmedia&parent=356"}],"wp:term":[{"taxonomy":"product_brand","embeddable":true,"href":"https:\/\/hilalelektronikk.com\/index.php?rest_route=%2Fwp%2Fv2%2Fproduct_brand&post=356"},{"taxonomy":"product_cat","embeddable":true,"href":"https:\/\/hilalelektronikk.com\/index.php?rest_route=%2Fwp%2Fv2%2Fproduct_cat&post=356"},{"taxonomy":"product_tag","embeddable":true,"href":"https:\/\/hilalelektronikk.com\/index.php?rest_route=%2Fwp%2Fv2%2Fproduct_tag&post=356"}],"curies":[{"name":"wp","href":"https:\/\/api.w.org\/{rel}","templated":true}]}}