{"id":4589,"date":"2025-07-06T18:48:03","date_gmt":"2025-07-06T15:48:03","guid":{"rendered":"https:\/\/hilalelektronikk.com\/?post_type=product&#038;p=4589"},"modified":"2025-07-06T18:48:03","modified_gmt":"2025-07-06T15:48:03","slug":"ytd190r-5au42h62acrtwt420hw06tv106-203-fhdtv106-203ct9-rzzarcelikarcelik-main-bord","status":"publish","type":"product","link":"https:\/\/hilalelektronikk.com\/?product=ytd190r-5au42h62acrtwt420hw06tv106-203-fhdtv106-203ct9-rzzarcelikarcelik-main-bord","title":{"rendered":"YTD190R-5,AU42H62ACRTW,T420HW06,TV106-203 FHD,TV106-203,CT9 RZZ,AR\u00c7EL\u0130K,AR\u00c7EL\u0130K MA\u0130N BORD"},"content":{"rendered":"<h3><span style=\"color: #ff6600;\">YTD190R-5,AU42H62ACRTW,T420HW06,TV106-203 FHD,TV106-203,CT9 RZZ,AR\u00c7EL\u0130K,AR\u00c7EL\u0130K MA\u0130N BORD<\/span><\/h3>\n","protected":false},"excerpt":{"rendered":"<p>YTD190R-5,AU42H62ACRTW,T420HW06,TV106-203 FHD,TV106-203,CT9 RZZ,AR\u00c7EL\u0130K,AR\u00c7EL\u0130K MA\u0130N BORD<\/p>\n","protected":false},"featured_media":4590,"template":"","meta":[],"product_brand":[7504],"product_cat":[296],"product_tag":[1450,8187,8183,8186,8184,8185,8182,108],"class_list":{"0":"post-4589","1":"product","2":"type-product","3":"status-publish","4":"has-post-thumbnail","6":"product_brand-arcelik","7":"product_cat-aecelik-beko-power-board","8":"product_tag-arcelik","9":"product_tag-arcelik-main-bord","10":"product_tag-au42h62acrtw","11":"product_tag-ct9-rzz","12":"product_tag-t420hw06","13":"product_tag-tv106-203","14":"product_tag-tv106-203-fhd","15":"product_tag-ytd190r-5","17":"first","18":"instock","19":"shipping-taxable","20":"purchasable","21":"product-type-simple"},"_links":{"self":[{"href":"https:\/\/hilalelektronikk.com\/index.php?rest_route=\/wp\/v2\/product\/4589","targetHints":{"allow":["GET"]}}],"collection":[{"href":"https:\/\/hilalelektronikk.com\/index.php?rest_route=\/wp\/v2\/product"}],"about":[{"href":"https:\/\/hilalelektronikk.com\/index.php?rest_route=\/wp\/v2\/types\/product"}],"wp:featuredmedia":[{"embeddable":true,"href":"https:\/\/hilalelektronikk.com\/index.php?rest_route=\/wp\/v2\/media\/4590"}],"wp:attachment":[{"href":"https:\/\/hilalelektronikk.com\/index.php?rest_route=%2Fwp%2Fv2%2Fmedia&parent=4589"}],"wp:term":[{"taxonomy":"product_brand","embeddable":true,"href":"https:\/\/hilalelektronikk.com\/index.php?rest_route=%2Fwp%2Fv2%2Fproduct_brand&post=4589"},{"taxonomy":"product_cat","embeddable":true,"href":"https:\/\/hilalelektronikk.com\/index.php?rest_route=%2Fwp%2Fv2%2Fproduct_cat&post=4589"},{"taxonomy":"product_tag","embeddable":true,"href":"https:\/\/hilalelektronikk.com\/index.php?rest_route=%2Fwp%2Fv2%2Fproduct_tag&post=4589"}],"curies":[{"name":"wp","href":"https:\/\/api.w.org\/{rel}","templated":true}]}}