{"id":660,"date":"2020-01-25T11:39:03","date_gmt":"2020-01-25T08:39:03","guid":{"rendered":"http:\/\/hilalelektronikk.com\/?post_type=product&#038;p=660"},"modified":"2025-05-20T13:28:43","modified_gmt":"2025-05-20T10:28:43","slug":"vestel-39-l390h1-1ee","status":"publish","type":"product","link":"https:\/\/hilalelektronikk.com\/?product=vestel-39-l390h1-1ee","title":{"rendered":"VESTEL 39&#8242;, L390H1-1EE,L390H1-1EE, LE390H1-1EE-C012C, 27-D074976, REGAL LE99FS240S, CH\u0130 ME\u0130 INNOLUX, LED DR\u0130VER BOARD, V390HJ1-LE1,SEG LE39SAT182FHD,LE39SAT182FHD"},"content":{"rendered":"<h3 class=\"fl col-12\"><span style=\"color: #ff0000;\">L390H1-1EE, LE390H1-1EE-C012C, 27-D074976, REGAL LE99FS240S, CH\u0130 ME\u0130 INNOLUX, LED DR\u0130VER BOARD, V390HJ1-LE1,<\/span><\/h3>\n<h3><span style=\"color: #ff0000;\">L390H1-1EE , L390H1-1EE-C012C,<\/span><\/h3>\n<h3 class=\"product_title entry-title\"><span style=\"color: #ff0000;\">SEG LE39SAT182FHD,LE39SAT182FHD<\/span><\/h3>\n","protected":false},"excerpt":{"rendered":"<p>L390H1-1EE, LE390H1-1EE-C012C, 27-D074976, REGAL LE99FS240S, CH\u0130 ME\u0130 INNOLUX, LED DR\u0130VER BOARD, V390HJ1-LE1, L390H1-1EE , L390H1-1EE-C012C, SEG LE39SAT182FHD,LE39SAT182FHD<\/p>\n","protected":false},"featured_media":661,"template":"","meta":[],"product_brand":[7591],"product_cat":[300],"product_tag":[3833,3835,538,3837,3832,7695,1327,3834,7694,3836],"class_list":{"0":"post-660","1":"product","2":"type-product","3":"status-publish","4":"has-post-thumbnail","6":"product_brand-vestel","7":"product_cat-inverter","8":"product_tag-27-d074976","9":"product_tag-chi-mei-innolux","10":"product_tag-l390h1-1ee","11":"product_tag-l390h1-1ee-c012c","12":"product_tag-le390h1-1ee-c012c","13":"product_tag-le39sat182fhd","14":"product_tag-led-driver-board","15":"product_tag-regal-le99fs240s","16":"product_tag-seg-le39sat182fhd","17":"product_tag-v390hj1-le1","19":"first","20":"instock","21":"shipping-taxable","22":"purchasable","23":"product-type-simple"},"_links":{"self":[{"href":"https:\/\/hilalelektronikk.com\/index.php?rest_route=\/wp\/v2\/product\/660","targetHints":{"allow":["GET"]}}],"collection":[{"href":"https:\/\/hilalelektronikk.com\/index.php?rest_route=\/wp\/v2\/product"}],"about":[{"href":"https:\/\/hilalelektronikk.com\/index.php?rest_route=\/wp\/v2\/types\/product"}],"wp:featuredmedia":[{"embeddable":true,"href":"https:\/\/hilalelektronikk.com\/index.php?rest_route=\/wp\/v2\/media\/661"}],"wp:attachment":[{"href":"https:\/\/hilalelektronikk.com\/index.php?rest_route=%2Fwp%2Fv2%2Fmedia&parent=660"}],"wp:term":[{"taxonomy":"product_brand","embeddable":true,"href":"https:\/\/hilalelektronikk.com\/index.php?rest_route=%2Fwp%2Fv2%2Fproduct_brand&post=660"},{"taxonomy":"product_cat","embeddable":true,"href":"https:\/\/hilalelektronikk.com\/index.php?rest_route=%2Fwp%2Fv2%2Fproduct_cat&post=660"},{"taxonomy":"product_tag","embeddable":true,"href":"https:\/\/hilalelektronikk.com\/index.php?rest_route=%2Fwp%2Fv2%2Fproduct_tag&post=660"}],"curies":[{"name":"wp","href":"https:\/\/api.w.org\/{rel}","templated":true}]}}