{"id":707,"date":"2020-01-28T10:39:17","date_gmt":"2020-01-28T07:39:17","guid":{"rendered":"http:\/\/hilalelektronikk.com\/?post_type=product&#038;p=707"},"modified":"2023-04-13T18:45:38","modified_gmt":"2023-04-13T15:45:38","slug":"y51-190-05-y51-190r-6-zz8-2zz","status":"publish","type":"product","link":"https:\/\/hilalelektronikk.com\/?product=y51-190-05-y51-190r-6-zz8-2zz","title":{"rendered":"Y51.190-05 , Y51.190R-6 , ZZ8 2ZZ, AR\u00c7EL\u0130K,BEKO,4476"},"content":{"rendered":"<h3>Y51.190-05 , Y51.190R-6 , ZZ8 2ZZ, AR\u00c7EL\u0130K,BEKO,4476<\/h3>\n","protected":false},"excerpt":{"rendered":"<p>Y51.190-05 , Y51.190R-6 , ZZ8 2ZZ, AR\u00c7EL\u0130K,BEKO,4476<\/p>\n","protected":false},"featured_media":708,"template":"","meta":[],"product_brand":[],"product_cat":[123],"product_tag":[2538,1450,1451,570,571,572],"class_list":{"0":"post-707","1":"product","2":"type-product","3":"status-publish","4":"has-post-thumbnail","6":"product_cat-arcelik-beko-main-board","7":"product_tag-2538","8":"product_tag-arcelik","9":"product_tag-beko","10":"product_tag-y51-190-05","11":"product_tag-y51-190r-6","12":"product_tag-zz8-2zz","14":"first","15":"outofstock","16":"shipping-taxable","17":"purchasable","18":"product-type-simple"},"_links":{"self":[{"href":"https:\/\/hilalelektronikk.com\/index.php?rest_route=\/wp\/v2\/product\/707","targetHints":{"allow":["GET"]}}],"collection":[{"href":"https:\/\/hilalelektronikk.com\/index.php?rest_route=\/wp\/v2\/product"}],"about":[{"href":"https:\/\/hilalelektronikk.com\/index.php?rest_route=\/wp\/v2\/types\/product"}],"wp:featuredmedia":[{"embeddable":true,"href":"https:\/\/hilalelektronikk.com\/index.php?rest_route=\/wp\/v2\/media\/708"}],"wp:attachment":[{"href":"https:\/\/hilalelektronikk.com\/index.php?rest_route=%2Fwp%2Fv2%2Fmedia&parent=707"}],"wp:term":[{"taxonomy":"product_brand","embeddable":true,"href":"https:\/\/hilalelektronikk.com\/index.php?rest_route=%2Fwp%2Fv2%2Fproduct_brand&post=707"},{"taxonomy":"product_cat","embeddable":true,"href":"https:\/\/hilalelektronikk.com\/index.php?rest_route=%2Fwp%2Fv2%2Fproduct_cat&post=707"},{"taxonomy":"product_tag","embeddable":true,"href":"https:\/\/hilalelektronikk.com\/index.php?rest_route=%2Fwp%2Fv2%2Fproduct_tag&post=707"}],"curies":[{"name":"wp","href":"https:\/\/api.w.org\/{rel}","templated":true}]}}