{"id":930,"date":"2020-02-28T13:57:01","date_gmt":"2020-02-28T10:57:01","guid":{"rendered":"http:\/\/hilalelektronikk.com\/?post_type=product&#038;p=930"},"modified":"2021-09-07T15:00:21","modified_gmt":"2021-09-07T12:00:21","slug":"zz7-194r-5-zz7-194p-5-arcelik-32","status":"publish","type":"product","link":"https:\/\/hilalelektronikk.com\/?product=zz7-194r-5-zz7-194p-5-arcelik-32","title":{"rendered":"ZZ7.194R-5, ZZ7.194P-5, AR\u00c7EL\u0130K 32&#8242;"},"content":{"rendered":"<p>ZZ7.194R-5, ZZ7.194P-5, AR\u00c7EL\u0130K 32&#8242;<\/p>\n","protected":false},"excerpt":{"rendered":"<p>ZZ7.194R-5, ZZ7.194P-5, AR\u00c7EL\u0130K 32&#8242;<\/p>\n","protected":false},"featured_media":931,"template":"","meta":[],"product_brand":[],"product_cat":[296],"product_tag":[805,804,803],"class_list":{"0":"post-930","1":"product","2":"type-product","3":"status-publish","4":"has-post-thumbnail","6":"product_cat-aecelik-beko-power-board","7":"product_tag-arcelik-32","8":"product_tag-zz7-194p-5","9":"product_tag-zz7-194r-5","11":"first","12":"outofstock","13":"shipping-taxable","14":"purchasable","15":"product-type-simple"},"_links":{"self":[{"href":"https:\/\/hilalelektronikk.com\/index.php?rest_route=\/wp\/v2\/product\/930","targetHints":{"allow":["GET"]}}],"collection":[{"href":"https:\/\/hilalelektronikk.com\/index.php?rest_route=\/wp\/v2\/product"}],"about":[{"href":"https:\/\/hilalelektronikk.com\/index.php?rest_route=\/wp\/v2\/types\/product"}],"wp:featuredmedia":[{"embeddable":true,"href":"https:\/\/hilalelektronikk.com\/index.php?rest_route=\/wp\/v2\/media\/931"}],"wp:attachment":[{"href":"https:\/\/hilalelektronikk.com\/index.php?rest_route=%2Fwp%2Fv2%2Fmedia&parent=930"}],"wp:term":[{"taxonomy":"product_brand","embeddable":true,"href":"https:\/\/hilalelektronikk.com\/index.php?rest_route=%2Fwp%2Fv2%2Fproduct_brand&post=930"},{"taxonomy":"product_cat","embeddable":true,"href":"https:\/\/hilalelektronikk.com\/index.php?rest_route=%2Fwp%2Fv2%2Fproduct_cat&post=930"},{"taxonomy":"product_tag","embeddable":true,"href":"https:\/\/hilalelektronikk.com\/index.php?rest_route=%2Fwp%2Fv2%2Fproduct_tag&post=930"}],"curies":[{"name":"wp","href":"https:\/\/api.w.org\/{rel}","templated":true}]}}